. Suppose 4*l + 32 - 209 = -57. Calculate the greatest common factor of l and s.
30
Suppose -9*g = -6*g + 3*d - 207, 0 = -g - 4*d + 78. Calculate the highest common divisor of 671 and g.
11
Suppose -q + 1754 = v - 680, -3*v = 4*q - 7304. What is the highest common factor of 384 and v?
128
Suppose -473*v - 31171 = -546*v. Calculate the highest common divisor of 21 and v.
7
Suppose 27 - 36 = 3*h. Let x be 157 + 1/(-3 - (-5 - h)). What is the greatest common factor of x and 39?
39
Let z = -1480 + 1867. Calculate the highest common divisor of z and 27.
9
Let s be 2*5 + (-576)/64. Calculate the greatest common divisor of s and 127.
1
Suppose 4*s + 2*j - 20498 = 0, 117*s - 119*s = 5*j - 10253. What is the greatest common factor of s and 48?
12
Suppose 77*m + 10634 = 90*m. Let v = m - 722. What is the highest common factor of v and 64?
32
Let p be (-428)/84 + 5 - 5/((-105)/15122). What is the highest common factor of p and 72?
72
Suppose 315*i - 317*i = -644. What is the highest common factor of i and 4?
2
Let t be (-314)/(-8) - (3/(-4))/(-3). Let u = t + 1. Let b(l) = -l**2 + 23*l + 24. Let j be b(19). Calculate the highest common divisor of u and j.
20
Let w be ((-16)/12)/(-4)*3. Let s(f) = -f**2 - 4*f - 2. Let q be s(-1). Let y be 1 + w + 2 - q. What is the greatest common factor of y and 24?
3
Suppose -2*p + 3*d = -1344 - 207, -3*p = -d - 2309. Suppose 0 = -30*t - 2*t + p. What is the greatest common factor of t and 40?
8
Suppose -2*c + 58 = 2*m, -2*c + 256 = 3*m + 197. Calculate the highest common divisor of 1022 and c.
14
Suppose 130*r + 8892 = 168*r. Suppose -179 = 3*a - 41. Let g = 64 + a. What is the greatest common divisor of g and r?
18
Let k(f) = f**2 - 31*f + 356. Let n be k(-23). What is the greatest common factor of n and 188?
94
Suppose 4*n - 53 = -45. Suppose l - n*k - 3 = 5, 3*k = -2*l + 9. Let r be (-3)/(-30)*l - (-32)/5. What is the highest common divisor of r and 7?
7
Suppose 0 = -27*o + 32*o - 30. Suppose 0 = o*t + 2*t. Let r be (-9)/(45/10) - (t + -101). Calculate the highest common divisor of 33 and r.
33
Let i be (3 - 4 - 0)/((-2)/4710). Let j = 3379 - i. Calculate the highest common factor of j and 32.
32
Let c(f) = -54*f + 1576. Let l be c(0). Suppose 0 = -2*s - 3*n + 411 + 372, 4*n - l = -4*s. What is the highest common divisor of 42 and s?
21
Let m(w) = 56*w + 580. Let a be m(0). Calculate the highest common factor of a and 464.
116
Let x = -768 + 757. Let d(m) = -80*m - 66. Let z be d(x). What is the highest common factor of 22 and z?
22
Let u be 1*(-8 - (-584)/(-16))*-86. Calculate the greatest common divisor of u and 43.
43
Let q(u) = -u**3 - 24*u**2 - 47*u - 39. Let a be q(-22). Let t(k) = k**3 + 5*k**2 - 4*k - 2. Let l be t(4). What is the highest common divisor of a and l?
9
Let r(o) = o. Let h be r(9). Suppose 4*n - s = h*n - 2613, 4*n = 3*s + 2079. What is the highest common divisor of n and 58?
58
Let k(f) = -108*f - 2799. Let b be k(-26). Calculate the highest common factor of 4 and b.
1
Let x(y) = -13*y**3 - 5*y**2 + 3*y + 4. Let l be x(-4). Let a = 1149 - l. What is the greatest common factor of 180 and a?
45
Suppose -2*l + 290*t = 289*t - 385, 3*l = -t + 585. What is the highest common divisor of 5626 and l?
194
Let q be ((-10)/(-50) - 1484/(-5)) + -3. Let l be (-675)/(-30)*36/5 + 6. What is the greatest common divisor of l and q?
42
Suppose b - 26 = -3*n - 9, -2*n = 3*b - 2. Suppose -n*g + 35 = -273. Let p = g + -38. Calculate the highest common divisor of 54 and p.
6
Let d be (-2)/19 - 112681/(-5339). Let m(g) = 3*g**2 - 2*g - 2. Let f be m(3). Let a = f + -12. What is the highest common divisor of a and d?
7
Suppose 3*n - 2*s = 11 + 3, 2*n + 4 = -2*s. Suppose -5 = n*h - 3, 5*h - 463 = -3*u. What is the highest common divisor of 39 and u?
39
Suppose 2*c + k = -15 - 45, -4*c = -k + 120. Let x be -1 + (-315)/c - (-1)/(-2). Suppose -u - 243 = -4*u. Calculate the highest common divisor of u and x.
9
Let j(o) = 7*o + 60. Let y = -43 - -52. Let b be j(y). What is the highest common divisor of b and 82?
41
Suppose 220*v - 104*v = 114*v + 540. Calculate the highest common factor of 918 and v.
54
Let x = -37 + 61. Suppose 5*c = 4*c - 5*h - 39, -2*c - 5*h - 83 = 0. Let r = -32 - c. Calculate the greatest common factor of x and r.
12
Let t = 63 - 9. Let i = 276 + -252. What is the greatest common factor of i and t?
6
Let n = 9954 + -4578. What is the greatest common divisor of n and 42?
42
Let q(k) = 8*k - 401. Let n be q(67). Calculate the highest common factor of 1050 and n.
15
Let n be (198/(-77))/((-6)/(-28)). Let m(b) = -b**2 - 10*b + 52. Let d be m(n). Let s be (d/(-42))/(-1*4/54). What is the highest common factor of s and 63?
9
Suppose -2*y = -3*s - 3*y + 76, 3*s - 80 = y. Let a be (74 + -22)*(-6)/(-24). What is the greatest common factor of a and s?
13
Let i = 268 + 18. Suppose 2*x = i + 492. Suppose 4*g = x + 799. Calculate the highest common divisor of g and 33.
33
Suppose -3682 + 962 = 16*k. Let f = 206 + k. What is the greatest common factor of 27 and f?
9
Suppose 10 - 6 = 4*y. Let w be y/3 + 0 - (-100)/(-3). Let s be (-1)/(-1) + (16/(-4) - w). What is the highest common factor of s and 240?
30
Let b = 2 - -28. Let c = 615 + -519. Calculate the highest common factor of c and b.
6
Suppose 5*j = 32 - 17. Suppose j*o = 5*g - 233 + 835, -5 = -g. Calculate the highest common divisor of o and 22.
11
Let p(j) = 5*j + 34. Let o be p(-6). Suppose -10*s - o*s = -224. Calculate the greatest common factor of 448 and s.
16
Suppose -20*x = 4*x - 58320. Let a be (1 - 0)*(-19)/((-285)/x). What is the greatest common factor of 126 and a?
18
Let j be 1 - (-14)/4*10. Let c = -503 - -455. Let k be ((-45)/(-12))/((-2)/c). What is the greatest common factor of k and j?
18
Let j(v) = -v**2 + 19*v - 5. Let o be j(17). Suppose -2*a - 17 = -3*i, 0 = -3*a + 2*i - 34 - 4. Let h = o + a. What is the greatest common divisor of h and 52?
13
Let n = 292 + -284. Suppose 0 = 2*x - 4*o - 300, -9*x + n*x + 168 = 4*o. Calculate the highest common factor of x and 60.
12
Let t(x) = x**2 + 18*x - 21. Let m be t(-19). Let k(n) = -3*n + 22. Let o be k(m). What is the greatest common factor of 42 and o?
14
Suppose d - 3*f + 1226 = 8762, -2*f = -8*d + 60112. Calculate the greatest common factor of 36 and d.
12
Let d(a) = -3*a**2 - 36*a - 26. Let u be d(-14). Let t be -2*-3*(u/(-15) - 1). What is the greatest common factor of 19 and t?
19
Let n = -112327 + 112354. Suppose -3*a = -a - 226. Let z = 76 + a. What is the greatest common divisor of n and z?
27
Let i(f) = -4*f**3 - 2*f**2 - 8*f - 12. Let z be i(-6). Suppose -z = -6*y + 810. What is the highest common divisor of y and 13?
13
Let r = -7363 + 13898. Suppose -r + 1891 = 2*t. Let d be 10/(-35) - (t/(-21))/(-2). Calculate the highest common factor of d and 22.
11
Suppose 4903 = 203*r - 5044. Let p be ((-21)/5)/(1/(-5)). What is the greatest common divisor of r and p?
7
Let j(a) = -2*a**2 + 4*a + 43. Let v be j(31). Let k be v/(-18)*4/3. Calculate the greatest common factor of k and 195.
65
Let n be 2*(0 - 1) + 310. Suppose -310*z - 136 = -314*z - 3*f, 2*z - 64 = -f. Calculate the greatest common factor of n and z.
28
Let l be (-281)/(1 + -3 - -1). Suppose k = -4*m - m + l, 2*k = m + 573. Let w be (-12 - (-340)/30)/((-4)/66). Calculate the highest common divisor of k and w.
11
Let s = 17232 - 17220. What is the highest common factor of s and 6396?
12
Let b(m) be the first derivative of m**4/4 - 3*m**3 - 5*m**2 + 78*m + 74. Let q be b(10). What is the greatest common factor of 117 and q?
39
Let k(m) = -m**2 + 28*m + 32. Let n be k(26). Suppose n = 7*r - 3*r + 5*z, -r - 3*z + 28 = 0. Calculate the greatest common divisor of r and 7.
1
Let k be (-42)/28*15872/(-24). Calculate the highest common divisor of k and 124.
124
Suppose 3*z + 0*z = -h + 17, 5*z = -4*h + 40. Let d be (z/2 - -3)*2142/255. Calculate the highest common divisor of d and 24.
6
Suppose -47 = 3*i + 31. Let u = i - -135. Let b = -92 + u. What is the greatest common factor of b and 136?
17
Let s = -13 - 468. Let y = -446 - s. What is the greatest common factor of 55 and y?
5
Let u = -1245 - -1251. Suppose -5*n = -5*z + 120, 3*z + 3*n = 20 + 34. Calculate the highest common divisor of z and u.
3
Suppose 9*w + 4*b = 5*w + 4, 4*w - 